e remainder when 333 is divided by 37.
0
Calculate the remainder when 293 is divided by 98.
97
What is the remainder when 102 is divided by 22?
14
Calculate the remainder when 117 is divided by 117.
0
Calculate the remainder when 59 is divided by 24.
11
What is the remainder when 447 is divided by 30?
27
Calculate the remainder when 38 is divided by 7.
3
Calculate the remainder when 130 is divided by 8.
2
Calculate the remainder when 25 is divided by 24.
1
Calculate the remainder when 695 is divided by 100.
95
What is the remainder when 704 is divided by 144?
128
Calculate the remainder when 2216 is divided by 2206.
10
What is the remainder when 109 is divided by 20?
9
What is the remainder when 933 is divided by 52?
49
What is the remainder when 426 is divided by 61?
60
Calculate the remainder when 1060 is divided by 286.
202
Calculate the remainder when 2113 is divided by 699.
16
What is the remainder when 4938 is divided by 51?
42
What is the remainder when 330 is divided by 9?
6
What is the remainder when 207 is divided by 8?
7
What is the remainder when 112 is divided by 53?
6
Calculate the remainder when 263 is divided by 44.
43
Calculate the remainder when 4209 is divided by 598.
23
Calculate the remainder when 1973 is divided by 331.
318
Calculate the remainder when 434 is divided by 216.
2
Calculate the remainder when 109 is divided by 7.
4
What is the remainder when 76 is divided by 22?
10
Calculate the remainder when 1335 is divided by 70.
5
What is the remainder when 17 is divided by 16?
1
What is the remainder when 967 is divided by 45?
22
What is the remainder when 832 is divided by 38?
34
What is the remainder when 105 is divided by 61?
44
Calculate the remainder when 422 is divided by 20.
2
Calculate the remainder when 5206 is divided by 2.
0
Calculate the remainder when 4130 is divided by 17.
16
Calculate the remainder when 5076 is divided by 149.
10
Calculate the remainder when 253 is divided by 140.
113
Calculate the remainder when 60261 is divided by 29.
28
Calculate the remainder when 118 is divided by 32.
22
Calculate the remainder when 605 is divided by 38.
35
Calculate the remainder when 109 is divided by 57.
52
What is the remainder when 518 is divided by 42?
14
What is the remainder when 280 is divided by 52?
20
What is the remainder when 1490 is divided by 487?
29
What is the remainder when 994 is divided by 168?
154
Calculate the remainder when 63 is divided by 30.
3
Calculate the remainder when 520 is divided by 96.
40
What is the remainder when 43 is divided by 15?
13
Calculate the remainder when 510 is divided by 68.
34
Calculate the remainder when 239 is divided by 80.
79
Calculate the remainder when 1013 is divided by 29.
27
What is the remainder when 29376 is divided by 21?
18
Calculate the remainder when 719 is divided by 90.
89
What is the remainder when 181 is divided by 61?
59
What is the remainder when 76 is divided by 27?
22
Calculate the remainder when 247 is divided by 31.
30
Calculate the remainder when 178 is divided by 76.
26
Calculate the remainder when 347 is divided by 101.
44
What is the remainder when 73 is divided by 68?
5
Calculate the remainder when 275 is divided by 68.
3
Calculate the remainder when 2179 is divided by 78.
73
Calculate the remainder when 7033 is divided by 5.
3
Calculate the remainder when 360 is divided by 100.
60
What is the remainder when 322 is divided by 6?
4
Calculate the remainder when 149 is divided by 2.
1
What is the remainder when 372 is divided by 5?
2
Calculate the remainder when 782 is divided by 27.
26
What is the remainder when 3531 is divided by 38?
35
What is the remainder when 271 is divided by 16?
15
What is the remainder when 68 is divided by 57?
11
What is the remainder when 168 is divided by 29?
23
What is the remainder when 211 is divided by 53?
52
Calculate the remainder when 571 is divided by 24.
19
Calculate the remainder when 9993 is divided by 12.
9
What is the remainder when 1476 is divided by 18?
0
What is the remainder when 245 is divided by 10?
5
Calculate the remainder when 669 is divided by 234.
201
Calculate the remainder when 12919 is divided by 190.
189
Calculate the remainder when 100 is divided by 29.
13
What is the remainder when 1110 is divided by 101?
100
What is the remainder when 42 is divided by 6?
0
What is the remainder when 32 is divided by 17?
15
Calculate the remainder when 305 is divided by 23.
6
What is the remainder when 1428 is divided by 53?
50
What is the remainder when 452 is divided by 118?
98
What is the remainder when 2231 is divided by 89?
6
What is the remainder when 149 is divided by 39?
32
What is the remainder when 252 is divided by 11?
10
Calculate the remainder when 26 is divided by 16.
10
Calculate the remainder when 202 is divided by 41.
38
Calculate the remainder when 2169 is divided by 721.
6
What is the remainder when 770 is divided by 31?
26
What is the remainder when 134 is divided by 42?
8
Calculate the remainder when 126 is divided by 18.
0
Calculate the remainder when 1888 is divided by 86.
82
Calculate the remainder when 65 is divided by 55.
10
What is the remainder when 1152 is divided by 11?
8
What is the remainder when 470 is divided by 95?
90
Calculate the remainder when 3700 is divided by 1231.
7
What is the remainder when 32590 is divided by 42?
40
Calculate the remainder when 373 is divided by 154.
65
Calculate the remainder when 732 is divided by 127.
97
Calculate the remainder when 652 is divided by 5.
2
What is the remainder when 1913 is divided by 33?
32
What is the remainder when 877 is divided by 147?
142
Calculate the remainder when 20 is divided by 10.
0
What is the remainder when 32673 is divided by 28?
25
Calculate the remainder when 418 is divided by 109.
91
Calculate the remainder when 321 is divided by 9.
6
What is the remainder when 629 is divided by 30?
29
What is the remainder when 14063 is divided by 26?
23
What is the remainder when 45 is divided by 25?
20
Calculate the remainder when 495 is divided by 33.
0
What is the remainder when 1665 is divided by 69?
9
Calculate the remainder when 89 is divided by 23.
20
What is the remainder when 233 is divided by 77?
2
Calculate the remainder when 434 is divided by 53.
10
What is the remainder when 186 is divided by 38?
34
What is the remainder when 147 is divided by 37?
36
What is the remainder when 179 is divided by 35?
4
Calculate the remainder when 5925 is divided by 12.
9
What is the remainder when 1897 is divided by 25?
22
What is the remainder when 4587 is divided by 54?
51
Calculate the remainder when 136 is divided by 82.
54
What is the remainder when 215 is divided by 46?
31
Calculate the remainder when 49 is divided by 15.
4
What is the remainder when 189 is divided by 6?
3
Calculate the remainder when 848 is divided by 240.
128
What is the remainder when 219 is divided by 14?
9
Calculate the remainder when 83 is divided by 45.
38
Calculate the remainder when 479 is divided by 24.
23
What is the remainder when 389 is divided by 10?
9
Calculate the remainder when 1270 is divided by 28.
10
Calculate the remainder when 1217 is divided by 20.
17
Calculate the remainder when 26 is divided by 14.
12
Calculate the remainder when 2486 is divided by 192.
182
Calculate the remainder when 337 is divided by 17.
14
Calculate the remainder when 384 is divided by 136.
112
What is the remainder when 11125 is divided by 214?
211
What is the remainder when 75 is divided by 2?
1
Calculate the remainder when 427 is divided by 157.
113
What is the remainder when 219 is divided by 111?
108
Calculate the remainder when 1673 is divided by 17.
7
What is the remainder when 4892 is divided by 59?
54
What is the remainder when 58 is divided by 28?
2
What is the remainder when 28486 is divided by 18?
10
Calculate the remainder when 383 is divided by 35.
33
Calculate the remainder when 34543 is divided by 254.
253
What is the remainder when 1303 is divided by 77?
71
Calculate the remainder when 131 is divided by 42.
5
Calculate the remainder when 10147 is divided by 7.
4
Calculate the remainder when 1723 is divided by 288.
283
Calculate the remainder when 116 is divided by 15.
11
Calculate the remainder when 10450 is divided by 7.
6
Calculate 